{"id":88345,"date":"2026-03-12T10:49:46","date_gmt":"2026-03-12T10:49:46","guid":{"rendered":"https:\/\/www.nordfoto.de\/legal-notice-and-privacy-policy-for-facebook\/"},"modified":"2026-08-27T13:40:55","modified_gmt":"2026-08-27T13:40:55","slug":"legal-notice-and-privacy-policy-for-facebook","status":"publish","type":"page","link":"https:\/\/www.nordfoto.de\/en\/legal-notice-and-privacy-policy-for-facebook\/","title":{"rendered":"Legal Notice and Privacy Policy for Facebook"},"content":{"rendered":"\n<p class=\"wp-block-paragraph\"><strong>Legal Notice<br\/><br\/>Legal Provider Information:<\/strong><\/p>\n\n<p class=\"wp-block-paragraph\"><strong>Uwe Schneider<br\/>Nordfoto Versand<br\/>Werkstr. 8<br\/>22844 Norderstedt<br\/>Germany<br\/>Phone: 040 5298650<br\/>Email:  <\/strong><strong>post@nordfoto.de<\/strong><br\/><strong><\/strong><br\/><strong><br\/>VAT ID No.: DE134345066<\/strong><strong><\/strong><strong><\/strong><\/p>\n\n<p class=\"wp-block-paragraph\"><strong>Person Responsible for Content pursuant to \u00a7 18(2) MStV:<\/strong><br\/>Mr. Uwe Schneider<br\/>Werkstr. 8<br\/>22844 Norderstedt<br\/>Germany<\/p>\n\n<p class=\"wp-block-paragraph\">We are neither willing nor obligated to participate in dispute resolution proceedings before consumer arbitration boards.<\/p>\n\n<p class=\"wp-block-paragraph\"><strong>We have been <\/strong><strong>a member of the &#8220;FairCommerce&#8221; initiative<\/strong><strong>since <\/strong><strong>July 22, 2020 <\/strong><strong>.<\/strong><br\/>For more information, please visit <a href=\"https:\/\/www.haendlerbund.de\/de\/haendlerbund\/interessenvertretung\/faircommerce\" target=\"_blank\" rel=\"noreferrer noopener\">www.haendlerbund.de\/faircommerce<\/a>.<\/p>\n\n<hr class=\"wp-block-separator has-alpha-channel-opacity\"\/>\n\n<p class=\"wp-block-paragraph\"><strong>Datenschutzerkl\u00e4rung<\/strong><\/p>\n\n<p class=\"wp-block-paragraph\">Soweit nachstehend keine anderen Angaben gemacht werden, ist die Bereitstellung Ihrer personenbezogenen Daten weder gesetzlich oder vertraglich vorgeschrieben, noch f\u00fcr einen Vertragsabschluss erforderlich. Sie sind zur Bereitstellung der Daten nicht verpflichtet. Eine Nichtbereitstellung hat keine Folgen. Dies gilt nur soweit bei den nachfolgenden Verarbeitungsvorg\u00e4ngen keine anderweitige Angabe gemacht wird.   <br\/>&#8220;Personenbezogene Daten&#8221; sind alle Informationen, die sich auf eine identifizierte oder identifizierbare nat\u00fcrliche Person beziehen.<\/p>\n\n<p class=\"wp-block-paragraph\"><strong>Data Controller<\/strong><strong><\/strong><br\/>. Please contact us if you wish. The data controller is: Nordfoto Versand, Werkstr. 8, 22844 Norderstedt, Germany, 040 5298650, post@nordfoto.de<\/p>\n\n<p class=\"wp-block-paragraph\"><strong>Use of Page Insights <\/strong><br\/>We use the \u201cPage Insights\u201d analytics feature provided by Meta Platforms Ireland Limited (4 Grand Canal Square, Dublin 2, Ireland; \u201cFacebook\u201d) on our fan page.<br\/>Meta Platforms Ireland and we are joint controllers for data processing in connection with the Page Insights analytics feature. This is based on an agreement on the joint processing of personal data, which is available at <a href=\"https:\/\/www.facebook.com\/legal\/terms\/page_controller_addendum\" target=\"_blank\" rel=\"noreferrer noopener\">https:\/\/www.facebook.com\/legal\/terms\/page_controller_addendum<\/a>.<br\/>Meta Platforms Ireland assumes primary responsibility under the GDPR for data processing and fulfills all obligations under the GDPR with respect to the processing of this data, including the information obligations under Articles 12 and 13 of the GDPR, the rights of data subjects under Articles 15 through 22 of the GDPR, and the security requirements of Articles 32 through 34 of the GDPR. In addition, Meta Platforms Ireland will make the essential terms of the joint processing agreement available to the data subjects.<br\/>The Page Insights feature is used for advertising and market research purposes to provide you with more relevant content and to develop new features that may be of interest to you. Meta Platforms Ireland uses cookies for this purpose, which enable an analysis of your visits to the fan page. The information generated by the cookies regarding your use of the fan page is generally transmitted to Facebook\u2019s servers in the United States and stored there. An adequacy decision by the European Commission exists for the United States: the Trans-Atlantic Data Privacy Framework (TADPF). Facebook has obtained certification under the TADPF and has thereby committed to complying with European data protection principles.<br\/>Processing is based on Article 6(1)(f) of the GDPR, based on our overriding legitimate interest in targeted advertising and the targeted design of the fan page.<br\/>For more information on terms of use and data protection, please visit <a href=\"https:\/\/www.facebook.com\/about\/privacy\/\" target=\"_blank\" rel=\"noreferrer noopener\">https:\/\/www.facebook.com\/about\/privacy\/<\/a>.        <\/p>\n\n<p class=\"wp-block-paragraph\"><strong>Rights of the Data Subject<\/strong><br\/>Provided the legal requirements are met, you have the following rights under Articles 15 through 20 of the GDPR: the right of access, the right to rectification, the right to erasure, the right to restriction of processing, and the right to data portability.<br\/>In addition, pursuant to Article 21(1) of the GDPR, you have the right to object to processing based on Article 6(1)(f) of the GDPR, as well as to processing for the purposes of direct marketing.  <\/p>\n\n<p class=\"wp-block-paragraph\"><strong>Right to lodge a complaint with the supervisory authority<\/strong><br\/> According to Article 77 of the GDPR, you have the right to lodge a complaint with the supervisory authority if you believe that the processing of your personal data is unlawful.<\/p>\n\n<p class=\"wp-block-paragraph\">Eine Beschwerde k\u00f6nnen Sie unter anderem bei der f\u00fcr uns zust\u00e4ndigen Aufsichtsbeh\u00f6rde einlegen, die Sie unter folgenden Kontaktdaten erreichen:<\/p>\n\n<p class=\"wp-block-paragraph\">Independent State Center for Data Protection Schleswig-Holstein<br\/>P.O. Box 71 16<br\/>24171 Kiel<br\/>Tel.: +49 431 9881200<br\/>Fax: +49 431 9881223<br\/>Email: mail@datenschutzzentrum.de<\/p>\n\n<p class=\"wp-block-paragraph\"><strong>Right to Object<\/strong><br\/>If the processing of personal data described here is based on our legitimate interest pursuant to Article 6(1)(f) of the GDPR, you have the right to object to such processing at any time, with effect for the future, for reasons arising from your particular situation.<br\/>Once an objection has been filed, the processing of the data in question will be discontinued, unless we can demonstrate compelling legitimate grounds for the processing that override your interests, rights, and freedoms, or if the processing is necessary for the establishment, exercise, or defense of legal claims.  <\/p>\n\n<p class=\"wp-block-paragraph\">For a detailed description of further data processing and the respective options for objecting on Facebook, please refer to the provider\u2019s information at: <a href=\"https:\/\/www.facebook.com\/about\/privacy\/\" target=\"_blank\" rel=\"noreferrer noopener\">https:\/\/www.facebook.com\/about\/privacy\/<\/a>.<br\/>The most effective way to exercise your rights as a data subject or to submit requests for information is to contact Facebook directly, as only Facebook has access to your data, can take immediate action, and can provide information. Of course, we will assist you with this if needed.<br\/>Last updated: October 22, 2024 <\/p>\n","protected":false},"excerpt":{"rendered":"<p>Legal Notice Legal Provider Information: Uwe SchneiderNordfoto VersandWerkstr. 822844 NorderstedtGermanyPhone: 040 5298650Email: post@nordfoto.deVAT ID No.: DE134345066 Person Responsible for Content pursuant to \u00a7 18(2) MStV:Mr. Uwe SchneiderWerkstr. 822844 NorderstedtGermany We are neither willing nor obligated to participate in dispute resolution proceedings before consumer arbitration boards. We have been a member of the &#8220;FairCommerce&#8221; initiativesince July [&#8230;] <a href=\"https:\/\/www.nordfoto.de\/en\/legal-notice-and-privacy-policy-for-facebook\/\">read more<\/a><\/p>\n","protected":false},"author":1,"featured_media":0,"parent":0,"menu_order":0,"comment_status":"closed","ping_status":"closed","template":"","meta":{"footnotes":""},"class_list":["post-88345","page","type-page","status-publish","hentry"],"_links":{"self":[{"href":"https:\/\/www.nordfoto.de\/en\/wp-json\/wp\/v2\/pages\/88345","targetHints":{"allow":["GET"]}}],"collection":[{"href":"https:\/\/www.nordfoto.de\/en\/wp-json\/wp\/v2\/pages"}],"about":[{"href":"https:\/\/www.nordfoto.de\/en\/wp-json\/wp\/v2\/types\/page"}],"author":[{"embeddable":true,"href":"https:\/\/www.nordfoto.de\/en\/wp-json\/wp\/v2\/users\/1"}],"replies":[{"embeddable":true,"href":"https:\/\/www.nordfoto.de\/en\/wp-json\/wp\/v2\/comments?post=88345"}],"version-history":[{"count":1,"href":"https:\/\/www.nordfoto.de\/en\/wp-json\/wp\/v2\/pages\/88345\/revisions"}],"predecessor-version":[{"id":88346,"href":"https:\/\/www.nordfoto.de\/en\/wp-json\/wp\/v2\/pages\/88345\/revisions\/88346"}],"wp:attachment":[{"href":"https:\/\/www.nordfoto.de\/en\/wp-json\/wp\/v2\/media?parent=88345"}],"curies":[{"name":"wp","href":"https:\/\/api.w.org\/{rel}","templated":true}]}}

<p class="wp-block-paragraph"><strong>Legal Notice<br/><br/>Legal Provider Information:</strong></p>

<p class="wp-block-paragraph"><strong>Uwe Schneider<br/>Nordfoto Versand<br/>Werkstr. 8<br/>22844 Norderstedt<br/>Germany<br/>Phone: 040 5298650<br/>Email:  </strong><strong>post@nordfoto.de</strong><br/><strong></strong><br/><strong><br/>VAT ID No.: DE134345066</strong><strong></strong><strong></strong></p>

<p class="wp-block-paragraph"><strong>Person Responsible for Content pursuant to § 18(2) MStV:</strong><br/>Mr. Uwe Schneider<br/>Werkstr. 8<br/>22844 Norderstedt<br/>Germany</p>

<p class="wp-block-paragraph">We are neither willing nor obligated to participate in dispute resolution proceedings before consumer arbitration boards.</p>

<p class="wp-block-paragraph"><strong>We have been </strong><strong>a member of the &#8220;FairCommerce&#8221; initiative</strong><strong>since </strong><strong>July 22, 2020 </strong><strong>.</strong><br/>For more information, please visit <a href="https://www.haendlerbund.de/de/haendlerbund/interessenvertretung/faircommerce" target="_blank" rel="noreferrer noopener">www.haendlerbund.de/faircommerce</a>.</p>

<hr class="wp-block-separator has-alpha-channel-opacity"/>

<p class="wp-block-paragraph"><strong>Datenschutzerklärung</strong></p>

<p class="wp-block-paragraph">Soweit nachstehend keine anderen Angaben gemacht werden, ist die Bereitstellung Ihrer personenbezogenen Daten weder gesetzlich oder vertraglich vorgeschrieben, noch für einen Vertragsabschluss erforderlich. Sie sind zur Bereitstellung der Daten nicht verpflichtet. Eine Nichtbereitstellung hat keine Folgen. Dies gilt nur soweit bei den nachfolgenden Verarbeitungsvorgängen keine anderweitige Angabe gemacht wird.   <br/>&#8220;Personenbezogene Daten&#8221; sind alle Informationen, die sich auf eine identifizierte oder identifizierbare natürliche Person beziehen.</p>

<p class="wp-block-paragraph"><strong>Data Controller</strong><strong></strong><br/>. Please contact us if you wish. The data controller is: Nordfoto Versand, Werkstr. 8, 22844 Norderstedt, Germany, 040 5298650, post@nordfoto.de</p>

<p class="wp-block-paragraph"><strong>Use of Page Insights </strong><br/>We use the “Page Insights” analytics feature provided by Meta Platforms Ireland Limited (4 Grand Canal Square, Dublin 2, Ireland; “Facebook”) on our fan page.<br/>Meta Platforms Ireland and we are joint controllers for data processing in connection with the Page Insights analytics feature. This is based on an agreement on the joint processing of personal data, which is available at <a href="https://www.facebook.com/legal/terms/page_controller_addendum" target="_blank" rel="noreferrer noopener">https://www.facebook.com/legal/terms/page_controller_addendum</a>.<br/>Meta Platforms Ireland assumes primary responsibility under the GDPR for data processing and fulfills all obligations under the GDPR with respect to the processing of this data, including the information obligations under Articles 12 and 13 of the GDPR, the rights of data subjects under Articles 15 through 22 of the GDPR, and the security requirements of Articles 32 through 34 of the GDPR. In addition, Meta Platforms Ireland will make the essential terms of the joint processing agreement available to the data subjects.<br/>The Page Insights feature is used for advertising and market research purposes to provide you with more relevant content and to develop new features that may be of interest to you. Meta Platforms Ireland uses cookies for this purpose, which enable an analysis of your visits to the fan page. The information generated by the cookies regarding your use of the fan page is generally transmitted to Facebook’s servers in the United States and stored there. An adequacy decision by the European Commission exists for the United States: the Trans-Atlantic Data Privacy Framework (TADPF). Facebook has obtained certification under the TADPF and has thereby committed to complying with European data protection principles.<br/>Processing is based on Article 6(1)(f) of the GDPR, based on our overriding legitimate interest in targeted advertising and the targeted design of the fan page.<br/>For more information on terms of use and data protection, please visit <a href="https://www.facebook.com/about/privacy/" target="_blank" rel="noreferrer noopener">https://www.facebook.com/about/privacy/</a>.        </p>

<p class="wp-block-paragraph"><strong>Rights of the Data Subject</strong><br/>Provided the legal requirements are met, you have the following rights under Articles 15 through 20 of the GDPR: the right of access, the right to rectification, the right to erasure, the right to restriction of processing, and the right to data portability.<br/>In addition, pursuant to Article 21(1) of the GDPR, you have the right to object to processing based on Article 6(1)(f) of the GDPR, as well as to processing for the purposes of direct marketing.  </p>

<p class="wp-block-paragraph"><strong>Right to lodge a complaint with the supervisory authority</strong><br/> According to Article 77 of the GDPR, you have the right to lodge a complaint with the supervisory authority if you believe that the processing of your personal data is unlawful.</p>

<p class="wp-block-paragraph">Eine Beschwerde können Sie unter anderem bei der für uns zuständigen Aufsichtsbehörde einlegen, die Sie unter folgenden Kontaktdaten erreichen:</p>

<p class="wp-block-paragraph">Independent State Center for Data Protection Schleswig-Holstein<br/>P.O. Box 71 16<br/>24171 Kiel<br/>Tel.: +49 431 9881200<br/>Fax: +49 431 9881223<br/>Email: mail@datenschutzzentrum.de</p>

<p class="wp-block-paragraph"><strong>Right to Object</strong><br/>If the processing of personal data described here is based on our legitimate interest pursuant to Article 6(1)(f) of the GDPR, you have the right to object to such processing at any time, with effect for the future, for reasons arising from your particular situation.<br/>Once an objection has been filed, the processing of the data in question will be discontinued, unless we can demonstrate compelling legitimate grounds for the processing that override your interests, rights, and freedoms, or if the processing is necessary for the establishment, exercise, or defense of legal claims.  </p>

<p class="wp-block-paragraph">For a detailed description of further data processing and the respective options for objecting on Facebook, please refer to the provider’s information at: <a href="https://www.facebook.com/about/privacy/" target="_blank" rel="noreferrer noopener">https://www.facebook.com/about/privacy/</a>.<br/>The most effective way to exercise your rights as a data subject or to submit requests for information is to contact Facebook directly, as only Facebook has access to your data, can take immediate action, and can provide information. Of course, we will assist you with this if needed.<br/>Last updated: October 22, 2024 </p>
